{"id":162,"date":"2017-06-19T14:25:34","date_gmt":"2017-06-19T14:25:34","guid":{"rendered":"http:\/\/stockholm21.select-themes.com\/?page_id=162"},"modified":"2018-05-17T19:31:51","modified_gmt":"2018-05-17T16:31:51","slug":"about-us","status":"publish","type":"page","link":"https:\/\/aksoymuhendislikinsaat.com\/?page_id=162","title":{"rendered":"HAKKIMIZDA"},"content":{"rendered":"<div class=\"wpb-content-wrapper\"><p>[vc_row row_type=&#8221;row&#8221; use_row_as_full_screen_section=&#8221;no&#8221; type=&#8221;full_width&#8221; text_align=&#8221;left&#8221; background_animation=&#8221;none&#8221; css_animation=&#8221;&#8221; css=&#8221;.vc_custom_1498032868242{padding-top: 6.8% !important;padding-bottom: 6.3% !important;}&#8221;][vc_column offset=&#8221;vc_col-lg-3 vc_col-md-12 vc_col-xs-12&#8243;][qode_elements_holder number_of_columns=&#8221;one_column&#8221;][qode_elements_holder_item item_padding=&#8221;0% 0% 0% 40%&#8221; item_padding_1280_1600=&#8221;0% 0% 0% 40%&#8221; item_padding_1024_1280=&#8221;0% 0% 0% 40%&#8221; item_padding_768_1024=&#8221;3% 0% 0% 10%&#8221; item_padding_600_768=&#8221;3% 0% 0% 10%&#8221; item_padding_480_600=&#8221;3% 0% 0% 10% &#8221; item_padding_480=&#8221;3% 0% 0% 10% &#8220;][vc_column_text]<\/p>\n<h4>Aksoy Mimarl\u0131k<\/h4>\n<p>[\/vc_column_text][\/qode_elements_holder_item][\/qode_elements_holder][\/vc_column][vc_column offset=&#8221;vc_col-lg-9 vc_col-md-12 vc_col-xs-12&#8243;][qode_elements_holder number_of_columns=&#8221;one_column&#8221;][qode_elements_holder_item item_padding=&#8221;0% 33% 0% 0%&#8221; item_padding_1280_1600=&#8221;0% 12% 0% 0%&#8221; item_padding_1024_1280=&#8221;0% 17% 0% 0%&#8221; item_padding_768_1024=&#8221;10% 14% 4% 10%&#8221; item_padding_600_768=&#8221;10% 10% 4% 10%&#8221; item_padding_480_600=&#8221;10% 10% 4% 10%&#8221; item_padding_480=&#8221;10% 10% 4% 10%&#8221;]<div class=\"custom_font_holder\" style=\"font-family: Karla; font-size: 30px; line-height: 38px; font-style: normal; font-weight: 700; color: #000000; text-decoration: none; letter-spacing: 0px; text-align: left;\"><span>\u0130\u015fbirli\u011fi, bizim i\u00e7in yol g\u00f6sterici bir g\u00fc\u00e7t\u00fcr. \u00c7\u00fcnk\u00fc iyi sonu\u00e7lara ula\u015fmak i\u00e7in m\u00fc\u015fterilerimizle s\u00fcrekli devam eden bir diyalog kurulmas\u0131 gerekti\u011fine inanmaktay\u0131z. M\u00fc\u015fterilerimizi, \u00e7al\u0131\u015fma arkada\u015f\u0131 olarak g\u00f6r\u00fcyor, birlikte\u00a0her projeye benzersiz bir meydan okuma ile yakla\u015f\u0131yoruz.<\/span><\/div>[\/qode_elements_holder_item][\/qode_elements_holder][\/vc_column][\/vc_row][vc_row row_type=&#8221;row&#8221; use_row_as_full_screen_section=&#8221;no&#8221; type=&#8221;full_width&#8221; text_align=&#8221;left&#8221; background_animation=&#8221;none&#8221; css_animation=&#8221;&#8221; css=&#8221;.vc_custom_1498032970569{padding-top: 1% !important;padding-bottom: 9% !important;}&#8221;][vc_column offset=&#8221;vc_col-lg-3 vc_col-md-12 vc_col-xs-12&#8243;][qode_elements_holder number_of_columns=&#8221;one_column&#8221;][qode_elements_holder_item item_padding=&#8221;0% 0% 0% 40%&#8221; item_padding_1280_1600=&#8221;0% 0% 0% 40%&#8221; item_padding_1024_1280=&#8221;0% 0% 0% 40%&#8221; item_padding_768_1024=&#8221;3% 0% 0% 10%&#8221; item_padding_600_768=&#8221;3% 0% 0% 10%&#8221; item_padding_480_600=&#8221;3% 0% 0% 10%&#8221; item_padding_480=&#8221;3% 0% 0% 10%&#8221;][vc_column_text]<\/p>\n<h4>Vizyon &amp; Misyon<\/h4>\n<p>[\/vc_column_text][\/qode_elements_holder_item][\/qode_elements_holder][\/vc_column][vc_column offset=&#8221;vc_col-lg-9 vc_col-md-12 vc_col-xs-12&#8243;][qode_elements_holder number_of_columns=&#8221;one_column&#8221;][qode_elements_holder_item item_padding=&#8221;0% 38% 0% 0%&#8221; item_padding_1280_1600=&#8221;0% 19% 0% 0%&#8221; item_padding_1024_1280=&#8221;0% 22% 0% 0%&#8221; item_padding_768_1024=&#8221;10% 14% 4% 10%&#8221; item_padding_600_768=&#8221;10% 8% 4% 10%&#8221; item_padding_480_600=&#8221;10% 10% 20% 10%&#8221; item_padding_480=&#8221;10% 10% 20% 10%&#8221;][vc_column_text]<\/p>\n<div class=\"vc_custom_heading heading-title-3\">\n<h2>M\u0130SYON<\/h2>\n<\/div>\n<div class=\"wpb_text_column wpb_content_element \">\n<div class=\"wpb_wrapper\">\n<p>S\u0131radanl\u0131ktan uzak, g\u00fc\u00e7l\u00fc, yarat\u0131c\u0131 \u00e7\u00f6z\u00fcmler sunabilen yap\u0131s\u0131 ile insan, hizmet ve \u00fcr\u00fcn kalitesine yat\u0131r\u0131m yaparak kal\u0131c\u0131 \u00fcst\u00fcnl\u00fckler sa\u011flamaya \u00e7al\u0131\u015fan Aydora Mimarl\u0131k &amp; \u0130\u00e7 Mimarl\u0131k, fonksiyonel, sa\u011flam, ergonomik ve ekonomik olan\u0131 aramay\u0131, gelenekselin yan\u0131nda, \u00e7a\u011fda\u015f yap\u0131m sistemlerini kullanmay\u0131 tercih ediyor. Profesyonel ya\u015famda mimarl\u0131\u011f\u0131n, toplumun ve insanl\u0131\u011f\u0131n hizmetinde oldu\u011fu kabul\u00fc ile mekan yapma, yap\u0131 kurma becerisini, kentin de\u011feri ile b\u00fct\u00fcnle\u015ftirmeyi ama\u00e7layan \u015firket, ya\u015fam bi\u00e7imine pozitif katk\u0131lar sunacak tasar\u0131mlar\u0131 olu\u015fturuyor.<\/p><\/div>\n<\/div>\n<div class=\"vc_custom_heading heading-title-3\">\n<h2><\/h2>\n<p>&nbsp;<\/p>\n<h2>V\u0130ZYON<\/h2>\n<\/div>\n<div class=\"wpb_text_column wpb_content_element \">\n<div class=\"wpb_wrapper\">\n<p>Faaliyet g\u00f6sterilen sekt\u00f6rlerde, uluslararas\u0131 kalite standartlar\u0131nda \u00fcr\u00fcn ve hizmetleri ile m\u00fc\u015fteri odakl\u0131l\u0131\u011f\u0131n\u0131 daima \u00fcst seviyede tutarak;\u00a0sayg\u0131n, g\u00fcvenilir ve tercih edilen marka olma \u00f6zelli\u011fini art\u0131rarak s\u00fcrd\u00fcrmek. Ulusal \u00f6l\u00e7ekte kazand\u0131\u011f\u0131 ba\u015far\u0131lar\u0131 uluslararas\u0131 arenaya da\u00a0ta\u015f\u0131mak ve b\u00fcy\u00fcme potansiyeli g\u00f6rd\u00fc\u011f\u00fc i\u015f alanlar\u0131n\u0131n \u00f6nde gelen isimlerinden olmak.<\/p><\/div>\n<\/div>\n<p>[\/vc_column_text][\/qode_elements_holder_item][\/qode_elements_holder][\/vc_column][\/vc_row][vc_row row_type=&#8221;row&#8221; use_row_as_full_screen_section=&#8221;no&#8221; type=&#8221;full_width&#8221; text_align=&#8221;left&#8221; background_animation=&#8221;none&#8221; css_animation=&#8221;&#8221; css=&#8221;.vc_custom_1497949036234{padding-bottom: 3% !important;}&#8221;][vc_column]<div class=\"qode-image-with-overlapping-info\">\n\t\t<div class=\"qode-iwoi-image-holder\">\n\t\t<img decoding=\"async\" src=\"https:\/\/aksoymuhendislikinsaat.com\/wp-content\/uploads\/2018\/05\/AKROTES-Mimarl\u0131k-Ofis-Dekorasyonu-4.jpg\" alt=\"Neden Biz ?\" \/>\n\t<\/div>\n\t\t<div class=\"qode-iwoi-info-holder\">\n\t\t\t<h3 class=\"qode-iwoi-title\">\n\t\t\t\tNeden Biz ?\t\t\t<\/h3>\n\t\t\t\t\t\t\t<p class = \"qode-iwoi-text\"> Fark\u0131m\u0131z\u0131n, Bireysel m\u00fc\u015fterilerimizin ya\u015fam, kurumsal m\u00fc\u015fterilerimizin ise \u00e7al\u0131\u015fma alanlar\u0131nda belirgin fark yaratan kal\u0131c\u0131 \u00e7\u00f6z\u00fcmler ve g\u00fczellikler sunmak oldu\u011funu biliyoruz. \u00c7al\u0131\u015fma prensiplerimizi bu d\u00fc\u015f\u00fcnce etraf\u0131nda \u015fekillendiriyoruz. Ancak m\u00fc\u015fterilerimiz memnun ve mutlu oldu\u011fu takdirde ba\u015far\u0131l\u0131 olaca\u011f\u0131m\u0131za inan\u0131yoruz.&lt;\/p&gt;\n&lt;p&gt;Ak\u0131lc\u0131 Yakla\u015f\u0131m..&lt;br \/&gt;\nSizin t\u00fcm ihtiya\u00e7lar\u0131n\u0131z\u0131 yap\u0131sal problem \u00e7\u00f6zme yakla\u015f\u0131m\u0131yla t\u00fcm bak\u0131\u015f a\u00e7\u0131lar\u0131n\u0131 de\u011ferlendirerek ve muhtemel alternatifleri g\u00f6z \u00f6n\u00fcnde bulundurarak ele al\u0131r, nihai teklifimizden \u00f6nce hepsini derinlemesine analiz ederiz. <\/p>\n\t\t\t\t\t\t<a href=\"#\" target=\"_self\"  class=\"qbutton  qode-iwoi-link display_dash\" style=\"\">\u0130leti\u015fim<\/a>\t<\/div>\n<\/div>[\/vc_column][\/vc_row]<\/p>\n<\/div>","protected":false},"excerpt":{"rendered":"<p>[vc_row row_type=&#8221;row&#8221; use_row_as_full_screen_section=&#8221;no&#8221; type=&#8221;full_width&#8221; text_align=&#8221;left&#8221; background_animation=&#8221;none&#8221; css_animation=&#8221;&#8221; css=&#8221;.vc_custom_1498032868242{padding-top: 6.8% !important;padding-bottom: 6.3% !important;}&#8221;][vc_column offset=&#8221;vc_col-lg-3 vc_col-md-12 vc_col-xs-12&#8243;][qode_elements_holder number_of_columns=&#8221;one_column&#8221;][qode_elements_holder_item item_padding=&#8221;0% 0% 0% 40%&#8221; item_padding_1280_1600=&#8221;0% 0% 0% 40%&#8221; item_padding_1024_1280=&#8221;0% 0% 0% 40%&#8221; item_padding_768_1024=&#8221;3% 0% 0% 10%&#8221; item_padding_600_768=&#8221;3% 0% 0% 10%&#8221; item_padding_480_600=&#8221;3% 0% 0% 10% &#8221; item_padding_480=&#8221;3% 0% 0% 10%&#8230;<\/p>\n","protected":false},"author":1,"featured_media":0,"parent":0,"menu_order":0,"comment_status":"closed","ping_status":"closed","template":"full_width.php","meta":{"footnotes":""},"class_list":["post-162","page","type-page","status-publish","hentry"],"_links":{"self":[{"href":"https:\/\/aksoymuhendislikinsaat.com\/index.php?rest_route=\/wp\/v2\/pages\/162","targetHints":{"allow":["GET"]}}],"collection":[{"href":"https:\/\/aksoymuhendislikinsaat.com\/index.php?rest_route=\/wp\/v2\/pages"}],"about":[{"href":"https:\/\/aksoymuhendislikinsaat.com\/index.php?rest_route=\/wp\/v2\/types\/page"}],"author":[{"embeddable":true,"href":"https:\/\/aksoymuhendislikinsaat.com\/index.php?rest_route=\/wp\/v2\/users\/1"}],"replies":[{"embeddable":true,"href":"https:\/\/aksoymuhendislikinsaat.com\/index.php?rest_route=%2Fwp%2Fv2%2Fcomments&post=162"}],"version-history":[{"count":12,"href":"https:\/\/aksoymuhendislikinsaat.com\/index.php?rest_route=\/wp\/v2\/pages\/162\/revisions"}],"predecessor-version":[{"id":1096,"href":"https:\/\/aksoymuhendislikinsaat.com\/index.php?rest_route=\/wp\/v2\/pages\/162\/revisions\/1096"}],"wp:attachment":[{"href":"https:\/\/aksoymuhendislikinsaat.com\/index.php?rest_route=%2Fwp%2Fv2%2Fmedia&parent=162"}],"curies":[{"name":"wp","href":"https:\/\/api.w.org\/{rel}","templated":true}]}}